re the prime factors of 47825896?
2, 17, 351661
What are the prime factors of 9287771059?
7, 23, 257, 224467
List the prime factors of 1961997478.
2, 7, 1549, 90473
What are the prime factors of 4926361729?
47, 67, 1564421
What are the prime factors of 2257728792?
2, 3, 11, 17, 587, 857
List the prime factors of 3099204633.
3, 7, 31, 2161, 2203
List the prime factors of 1915235779.
1915235779
List the prime factors of 235871914.
2, 199, 592643
What are the prime factors of 126401832?
2, 3, 19, 92399
What are the prime factors of 48379648?
2, 188983
What are the prime factors of 57624735?
3, 5, 7, 78401
List the prime factors of 1823550264.
2, 3, 25327087
List the prime factors of 48074091.
3, 13, 47, 26227
List the prime factors of 446343152.
2, 23, 1212889
What are the prime factors of 1361320616?
2, 170165077
List the prime factors of 32272474.
2, 13, 1241249
List the prime factors of 79848116.
2, 17, 1174237
What are the prime factors of 459929364?
2, 3, 38327447
What are the prime factors of 144986584?
2, 18123323
List the prime factors of 19972779.
3, 6657593
What are the prime factors of 636617787?
3, 13, 79, 206627
What are the prime factors of 966811376?
2, 127, 475793
List the prime factors of 1312364298.
2, 3, 7, 31246769
List the prime factors of 173937364.
2, 1487, 29243
What are the prime factors of 207029405?
5, 11, 29, 293, 443
List the prime factors of 4652522526.
2, 3, 59, 89, 147671
What are the prime factors of 1993885945?
5, 101, 3948289
List the prime factors of 171231903.
3, 19025767
What are the prime factors of 52759567?
7, 227, 33203
What are the prime factors of 365862773?
365862773
List the prime factors of 2470716929.
103, 23987543
What are the prime factors of 1363668471?
3, 11, 257, 53597
What are the prime factors of 5041923745?
5, 1008384749
List the prime factors of 41113928.
2, 109, 47149
List the prime factors of 1148840166.
2, 3, 191473361
List the prime factors of 14698492.
2, 3674623
What are the prime factors of 789451042?
2, 394725521
List the prime factors of 996982586.
2, 18661, 26713
What are the prime factors of 191266951?
11699, 16349
List the prime factors of 29067588.
2, 3, 11, 6673
What are the prime factors of 1686152?
2, 13, 31, 523
List the prime factors of 2648472071.
7, 378353153
List the prime factors of 1657537305.
3, 5, 3917, 28211
What are the prime factors of 98690756?
2, 229, 107741
What are the prime factors of 99674061?
3, 61, 544667
What are the prime factors of 1656729478?
2, 71, 127, 91867
List the prime factors of 37801232.
2, 7, 337511
What are the prime factors of 25991498?
2, 13, 479, 2087
List the prime factors of 3582090344.
2, 7, 4861, 13159
List the prime factors of 23369145.
3, 5, 19, 167, 491
List the prime factors of 365393864.
2, 11, 19, 19867
What are the prime factors of 100715554?
2, 37, 1361021
List the prime factors of 282774175.
5, 17, 665351
What are the prime factors of 297277125?
3, 5, 311, 2549
List the prime factors of 1675506352.
2, 13, 31, 43, 6043
What are the prime factors of 439238107?
7, 11, 23, 3221
List the prime factors of 63016011.
3, 7001779
What are the prime factors of 130608614?
2, 157, 415951
List the prime factors of 32768823.
3, 47, 277, 839
What are the prime factors of 5660130132?
2, 3, 233, 674789
List the prime factors of 381355190.
2, 5, 38135519
List the prime factors of 23411771.
17, 691, 1993
List the prime factors of 66719473.
37, 89, 20261
List the prime factors of 1360033264.
2, 85002079
What are the prime factors of 53438937?
3, 1979, 9001
List the prime factors of 1781491249.
521, 757, 4517
List the prime factors of 4504236615.
3, 5, 17, 19, 431, 719
What are the prime factors of 1084643230?
2, 5, 11, 9860393
List the prime factors of 1983817926.
2, 3, 3181, 11549
List the prime factors of 3535189192.
2, 181, 263, 9283
What are the prime factors of 897612304?
2, 37, 181, 8377
List the prime factors of 803634909.
3, 7, 11, 3478939
List the prime factors of 73770162.
2, 3, 1279, 9613
What are the prime factors of 174354639?
3, 58118213
What are the prime factors of 93062451?
3, 677, 45821
List the prime factors of 256212962.
2, 23, 101, 55147
List the prime factors of 2056709515.
5, 7, 58763129
What are the prime factors of 218445435?
3, 5, 13, 59, 6329
List the prime factors of 44309205.
3, 5, 101, 9749
What are the prime factors of 5862532418?
2, 151, 227, 85517
List the prime factors of 1377125668.
2, 29, 11871773
List the prime factors of 66506567.
17, 211, 18541
List the prime factors of 5219624591.
193, 2129, 12703
List the prime factors of 47549643.
3, 2239, 7079
List the prime factors of 2082301077.
3, 694100359
List the prime factors of 1234686086.
2, 617343043
What are the prime factors of 722110727?
13, 457, 121547
List the prime factors of 74314902.
2, 3, 113, 109609
What are the prime factors of 66889620?
2, 3, 5, 7, 53087
What are the prime factors of 51372056?
2, 6421507
List the prime factors of 588525570.
2, 3, 5, 19, 344167
What are the prime factors of 1847670679?
37049, 49871
What are the prime factors of 4183923215?
5, 19, 23, 31, 3251
List the prime factors of 10337648.
2, 646103
List the prime factors of 1820863634.
2, 271, 3359527
What are the prime factors of 4943281621?
4013, 1231817
List the prime factors of 402470395.
5, 80494079
What are the prime factors of 23912615?
5, 4782523
What are the prime factors of 43538304?
2, 3, 113381
What are the prime factors of 183465710?
2, 5, 19, 23, 41983
What are the prime factors of 1422152396?
2, 7, 50791157
List the prime factors of 145827952.
2, 37, 313, 787
What are the prime factors of 1130305943?
13, 29, 2998159
List the prime factors of 1466810407.
1466810407
List the prime factors of 62601868.
2, 7, 1103, 2027
List the prime factors of 1692379345.
5, 41, 8255509
List the prime factors of 811389.
3, 270463
List the prime factors of 48879108.
2, 3, 1357753
List the prime factors of 1565592099.
3, 14173, 36821
List the prime factors of 934361250.
2, 3, 5, 193, 1291
List the prime factors of 3324885.
3, 5, 221659
List the prime factors of 63936764.
2, 29, 551179
List the prime factors of 141573501.
3, 17, 43, 797
List the prime factors of 1172076174.
2, 3, 73, 891991
List the prime factors of 327256968.
2, 3, 101, 135007
What are the prime factors of 5003936984?
2, 241, 1153, 2251
List the prime factors of 841425226.
2, 420712613
What are the prime factors of 116353010?
2, 5, 101, 115201
List the prime factors of 50905794.
2, 3, 47, 97, 1861
What are the prime factors of 856862624?
2, 26776957
List the prime factors of 3108195110.
2, 5, 401, 653, 1187
What are the prime factors of 245915897?
17, 14465641
What are the prime factors of 3420670384?
2, 213791899
What are the prime factors of 749527640?
2, 5, 2239, 8369
What are the prime factors of 166340222?
2, 83170111
What are the prime factors of 1247321004?
2, 3, 23, 151, 173
What are the prime factors of 36955973?
36955973
List the prime factors of 196849879.
37, 143791
List the prime factors of 80945297.
211, 383627
What are the prime factors of 875385802?
2, 1447, 302483
List the prime factors of 4588692751.
17, 37, 7295219
List the prime factors of 2919008432.
2, 182438027
What are the prime factors of 897049?
897049
What are the prime factors of 2201544944?
2, 137596559
What are the prime factors of 2847436?
2, 711859
List the prime factors of 1447967022.
2, 3, 241327837
What are the prime factors of 4475617783?
7, 13, 49182613
What are the prime factors of 1721526369?
3, 17, 19, 73, 24337
List the prime factors of 453983601.
3, 2083, 72649
What are the prime factors of 114724383?
3, 37, 53, 19501
List the prime factors of 42178926.
2, 3, 7029821
What are the prime factors of 9494598?
2, 3, 601, 2633
What are the prime factors of 286068094?
2, 13, 11002619
What are the prime factors of 92627273?
92627273
List the prime factors of 1615057770.
2, 3, 5, 37, 1455007
List the prime factors of 3426451602.
2, 3, 7, 19, 4293799
What are the prime factors of 1168452962?
2, 584226481
What are the prime factors of 70882618?
2, 35441309
What are the prime factors of 3542246778?
2, 3, 7, 907, 92987
What are the prime factors of 1513551349?
3001, 504349
What are the prime factors of 1517980664?
2, 189747583
List t